ulate (-3 + 4 - (-4 + 2 + -1)) + (-2770 - -2746).
-20
Calculate 66 - (110 - (239 - 125)).
70
What is the value of (0 - -56) + (-171 + 96 - -53)?
34
111 - (10 + 45) - 28
28
What is 38 + -51 - 61 - -93?
19
What is the value of (-11 + -3 - -7 - 13) + 34?
14
Evaluate 1557 + -1542 + 0 + 0 + 19.
34
What is the value of -64 + -23 + 54 + -8 + 28?
-13
Calculate (11 - 15) + 48 - (-7 - -1 - (13 + -7)).
56
What is the value of -125 + 8 + (-596 - -603)?
-110
5 + -11 + (151 - 135)
10
Calculate -2 + (1 - 0) + 1 - (8 + -33 + -33).
58
Calculate 10 + (7 + -14 - (-2 + -5)) - -28.
38
What is -23 - (-7 + (-32 - -4) + -6)?
18
What is (-32 - -40) + (-94 - -92)?
6
41 + 102 + -42 - (22 - 4 - 0)
83
23 - (-65 + 31 + 92)
-35
Evaluate ((9 - 12) + 9 - 16) + -10 + -9.
-29
What is -58 - (-30 - (6 - 20))?
-42
What is the value of 5 - -6 - (-210 + 189)?
32
What is 10 + 27 + (-5 - (-27 + 15))?
44
What is the value of (27 - 0 - (12 - -14)) + (-6 - -5)?
0
Evaluate 8 - 20 - (-3 - -10) - -5.
-14
Calculate 59 - (-16 + -1 + 11 + 52 + -27).
40
What is -30 + -6 + -1 + 12 + 4 + -22?
-43
Calculate 16 + 12 + -2 + -11 + -4 + 32.
43
Calculate -10 - (36 - 48) - (-71 + -19).
92
Calculate -34 - -25 - (109 + (9 - 4)).
-123
What is the value of 2 - -2 - (1 + (-20 - -32) - 21)?
12
Evaluate 2 + -2 + -65 - (1 - (9 + -4 + 1)).
-60
(0 - 1) + -691 + 720
28
What is the value of -83 + 20 - -102 - (-3 + 8)?
34
What is 15 - (9 + -17) - (6 - -18)?
-1
Calculate -97 + (-21 + 26 - -41).
-51
Evaluate 1 + -2 - (6 + (3 - (-86 + 20 - 17))).
-93
(14 - -9) + -18 + -5 + -53
-53
What is (1 - 25) + (69 - 71) - 8?
-34
-22 - (-89 + 36) - (2 - 16)
45
What is the value of (-1 - -49) + (3 - 0 - (688 - 666)) + 25?
54
What is -10 + -13 + 0 + -8 - 24?
-55
What is the value of 8 - ((13 - -15) + 15) - -7?
-28
Evaluate (26 - 5) + 27 + -39 + 14.
23
Calculate 105 + (8 - (11 - (0 - 3))) + 11.
110
What is -1 + -21 + (296 - 186) + -1 + 11?
98
Evaluate (-81 - (-37 + 8)) + 63.
11
What is (-7 - 106) + 53 - 4 - (0 + -2)?
-62
(3 - 3) + 1 + -17 + (-23 - -37) + 66
64
Evaluate -6 - (-48 + 49 + 28).
-35
What is the value of 31 + (-19 - -52) + -14?
50
Calculate -36 + 12 + -20 + 12 + 6.
-26
(29 - (-9 + -5 + 10 - -6)) + 14
41
What is the value of 6 - -1 - (8 - -12) - -86?
73
Evaluate (-7 - 9 - -21) + 20.
25
What is the value of (181 + -1 - 184) + (0 - -1) + -9?
-12
Calculate (-46 - -25) + 51 + -77.
-47
Evaluate -139 + (9 - -10 - -5) - -25.
-90
Evaluate 11 + -53 - (-107 + 16 + -44).
93
What is 0 + -40 + (-84 - (-38 + 61))?
-147
Evaluate -173 + -82 + 174 - (0 + -15 + 1).
-67
(-7 - -24) + (-23 - -12) + 27
33
Calculate -4 + 2 + (0 + -4 - (34 - -8 - 26)).
-22
What is -47 - 0 - -5 - 3 - (160 - 164)?
-41
What is the value of -53 - (-1 + 14 + (-25 - (-2 - -8) - -8))?
-43
-2 - -41 - (2038 + -1942)
-57
Evaluate -2188 + 2167 - (2 + -49 - 1).
27
-10 + (2 - -71 - 36)
27
63 - (17 + -8 + (-30 - (-11 + 0)))
73
What is 57 + 31 - (-89 + 142)?
35
Evaluate 29 + (21 - 105) - -68.
13
What is -1 - -50 - (17 + (9 + (-1 - -6) - 21))?
39
Evaluate 1 + -7 - ((-17 - (-41 + 23)) + (2 - -29)).
-38
Evaluate -17 + -53 + 46 + -3.
-27
What is 2 + (-1 - -1) - ((10 - -1) + (31 - 43))?
3
Evaluate (24 + -19 + 31 - -28) + 28.
92
What is 4 - -5 - (0 + 1 + (-15 - -112) + -89)?
0
Evaluate 172 + -7 + (2379 - 2448).
96
6 + (-9 - (23 + -49 - 20))
43
Evaluate -55 + 3 + 97 - 14.
31
What is the value of 45 - (27 - (22 - 8 - 13))?
19
What is 2 + -161 + (52 + -19 - -8)?
-118
What is 0 + ((11 + 11 - 16) + (1 - -41) - 5)?
43
What is the value of 127 - 76 - (-4 + 77)?
-22
Evaluate -59 + (164 - 121 - (5 - -19)).
-40
Evaluate (-54 - (-26 + -1 + 4)) + 12.
-19
What is the value of -28 + -25 + 51 + 0 + -40?
-42
Calculate 1 + -5 - (-2 + -15 + (-417 - -412)).
18
13 - 10 - (816 + -840 + 77 + -1)
-49
Evaluate 22 - (36 + -13 + -3).
2
-30 - (7 + -1) - -24 - (-56 + -2 + 1)
45
Evaluate 5 + -14 + -38 + 41 + 66 + -1 + -7.
52
Calculate 23 + -80 - (5 - 60).
-2
Evaluate -283 - -272 - (-5 + -3 - -6 - -17).
-26
6 + 24 - ((70 - 41) + 42)
-41
-42 - (-88 + (4 - 19) + 59)
2
Evaluate 2 + -6 + 3 - (321 + -300).
-22
What is (190 + -90 - 83) + -29?
-12
Calculate -310 + 304 - (11 - 9).
-8
What is the value of -2 - 31 - (22 - -1 - (-1047 - -1066))?
-37
What is -15 - ((-1 - 49) + 26)?
9
What is 1 - ((-55 - 2) + -2) - ((-28 - -199) + -176)?
65
Calculate (5 - -55) + -15 + 6 - 18.
33
What is -77 - (54 - 88) - -90?
47
Evaluate -67 + (-29 + -58 - -54) + 3 + 9.
-88
What is the value of 7526 + -7557 + -1 + -22?
-54
What is the value of (33 + 16 - -1) + (1 - -23)?
74
Evaluate 145 + (-44 + -16 + 30 - -6).
121
Calculate -13 + 13 - (0 + 16 - 14) - -12 - 106.
-96
-7 + 11 + 2 + (11 - -29 - 5)
41
Calculate -81 - 1 - ((-10 - (2 + -7)) + (480 - 482)).
-75
What is -7 + 60 + -20 - (-5 + -14)?
52
Evaluate -48 + (14 - -50) + 5 + (3 - 13).
11
What is the value of -2 + -91 - (125 + -1 + -133)?
-84
Calculate -3 - (-25 - (-4 + -1 - (17 - 17))).
17
What is the value of (-72 - -102 - -68) + -75?
23
What is (36 - 48 - -2) + 105?
95
What is the value of -165 + 243 - (-2 - (-2 + 2)) - (-8 - 2)?
90
572 - 595 - (-15 - (2 - 4))
-10
Evaluate -24 - (15 - (-2 - -16) - -10).
-35
Evaluate 12 + -1 - ((-65 - 0) + (-2288 - -2323)).
41
Evaluate (47 - (-5 - -2)) + -122 + 128 - 9.
47
9 + (-14 + 22 - (18 + -3)) + 27 + -4
25
What is the value of (-5 - (-6 - -2)) + 4 + -32 + 26 - 91?
-94
Calculate 395 + -411 + 13 + 6 + -2.
1
What is -57 - (12 - -5 - (-27 - -23))?
-78
What is 3 + -11 - (-81 - -3 - -64)?
6
What is -14 - (-6 - 3) - (3 + -14 + 0)?
6
What is 30 + (60 + -59 - -68)?
99
Calculate -25 + 46 + -38 + -20.
-37
What is the value of (299 - 166 - 133) + -36?
-36
Evaluate -3 + 7 - -3 - (-14 + (-7 - -10)).
18
Calculate -8 + 90 + -39 + -10.
33
(42 - (253 + -255 + (10 - 1))) + 4
39
Evaluate (-17 - -11) + -370 + 318.
-58
-214 + 45 - -58 - -76
-35
Evaluate (-4 - -3 - -10) + (11 - (1 - (-3 + -6))).
10
What is 7 - (37 + 4 - (-12 - (1 + 0)))?
-47
-156 + 180 + (20 - 0) + 2 + -11 - 11
24
What is -5 + 9 + -14 + (-18 - -27) + 5?
4
Calculate -54 - ((-20 - -32) + 19) - 13.
-98
Calculate 12 + (-43 - -19) - -63 - -21.
72
What is the value of -60 + (4 - (-4 + 3)) - (-2 + 1 + 5)?
-59
What is 18 - (53 - (7 - 31 - -14))?
-45
Evaluate 13 + (-8 - (-8 + -14) - 15) + 11.
23
What is the value of 13 - (1 + (-3 - 2 - (-22 + 22)))?
17
Evaluate -1219 + 1169 - (2 - 55).
3
Evaluate (27 - 0 - ((-37 - -145) + -78)) + -80 + -1.
-84
Evaluate -217 + 204 - (-10 - (-6 + 6) - (-1 + -2)).
-6
-9 - ((7 - (-15 + 28)) + (1 - 1))
-3
What is -143 - -141 - (-2 + -18)?
18
Evaluate 1 + 3 + -25 - (-830 + 779).
30
What is -21 - ((0 - -12) + (11 - 21 - 4) - -5)?
-24
-10 - (-30 - (-21 - -20)) - 1
18
(-33 - (0 - -24)) + 44
-13
-63 - (-9 - 11 - -1)
-44
What is the value of -7 + (-2 + 21 - (-23 - -10))?
25
-41 - ((35 + 0 - 13) + -16 + 7)
-54
What is the value of (-4 + -25 - 19) + 68?
20
Calculate 105 + -172 + 42 + (7 - -6).
-12
What is -36 - (-219 + 11 - -121)?
51
Calculate -60 - (0 + 31 + (-537 - -495)).
-49
What is (10 - 14 - (-26 + -14)) + -2 + -6?
28
Evaluate 9 - 54 - (0 + -5 - -2).
-42
Calculate (139 - 131) + (0 - 3) + -40 + -7.
-42
-6 - (-3574 + 3590 + (-1 - (0 - -10)))
-11
Calculate 83 + (-26 - -26) + (9 - 17).
75
6 - (41 + -1 - (6 - -22) - (-37 - 0))
-43
3 + (-3 - -3) - -22 - (-41 - -50) - -4
20
What is the value of -1 + (-19 - ((1 - -12) + (2 + -1 - 25)))?
-9
What is 15 + -94 + (31 - 7) + -2?
-57
Evaluate 63 + 65 + -10 + -2.
116
What is -26 - (-58 + -7) - 77?
-38
Evaluate 64 + 24 + (-118 - -50).
20
What is (0 + -2 - 34) + (-117 + 48 - -72)?
-33
What is the value of (9 - -12) + 3 + -10 + (-17 - -29)?
26
Evaluate 1 - (-88 + (93 - 62)).
58
What is 5 + (-2 - -18) + -646 + 681?
56
Evaluate -12 + -66 + 20 + (-7 - (-14 - 8)) + -15.
-58
(-1 - -8) + (6 - (5 - -1)) + 47 - -2
56
What is -246 + 252 + -2 + (-3 - -7) + 11?
19
What is 3 + 26 + (-17 - (-18 + 6)) + 8?
32
What is 22 + -194 + 92 + 81?
1
Calculate 512 + -503 + (59 - 4).
64
Evaluate 0 + 36 + -326 + 290.
0
-153 + 48 + (-33 - -81)
-57
What is the value of 0 + 16 - (-22 - -5 - 1)?
34
What is 0 + -10 + (-10 - -23)?
3
What is (1 - 17) + 17 + (-19 - -19) + -6 + -58?
-63
Evaluate -13202 - -13211 - (57 + -1).
-47
Calculate 9 - (-42 + 50 + 12 + 13 + -6 + 3).
-21
3 - 59 - (-10 + 17 + 11 - 28)
-46
29 - 50 - 76 - -45
-52
Calculate 6 - 2 - ((-592 - -685) + 1 + -14) - -11.
-65
(11 +